ate the highest common divisor of 148938 and 309.
309
Calculate the greatest common factor of 7505 and 5056.
79
Calculate the greatest common divisor of 32 and 5872.
16
Calculate the greatest common factor of 104954 and 388.
194
What is the highest common factor of 50 and 18?
2
Calculate the highest common factor of 2926 and 497838.
418
Calculate the greatest common divisor of 669 and 648038.
223
Calculate the greatest common factor of 6015 and 71779.
401
Calculate the greatest common factor of 67365 and 540.
135
Calculate the highest common factor of 32741 and 377.
29
Calculate the greatest common divisor of 294569 and 6146.
439
Calculate the greatest common factor of 39330 and 144.
18
What is the highest common divisor of 180838 and 49?
7
Calculate the highest common divisor of 9619300 and 725.
725
Calculate the greatest common factor of 6650 and 21698.
38
Calculate the greatest common divisor of 14090 and 110.
10
Calculate the highest common divisor of 7052 and 2150.
86
Calculate the highest common divisor of 258 and 125818.
86
Calculate the highest common factor of 4422 and 4757.
67
What is the highest common divisor of 9074 and 546?
26
Calculate the greatest common factor of 17219 and 134.
67
What is the highest common divisor of 453236 and 28?
28
Calculate the greatest common divisor of 866220 and 780.
60
What is the greatest common factor of 3340 and 660?
20
What is the greatest common factor of 4110824 and 41?
41
Calculate the greatest common divisor of 3129850 and 450.
50
Calculate the greatest common factor of 427 and 115717.
427
What is the highest common factor of 41 and 717049?
41
What is the highest common factor of 54 and 289998?
18
What is the highest common divisor of 498732 and 278?
278
Calculate the greatest common divisor of 11 and 11077.
11
Calculate the greatest common divisor of 15 and 32295.
15
Calculate the highest common factor of 44874 and 54.
54
What is the greatest common factor of 190 and 18848?
38
Calculate the greatest common divisor of 120784 and 32.
16
What is the greatest common divisor of 23452 and 53196?
572
Calculate the greatest common factor of 40 and 233110.
10
Calculate the highest common divisor of 112203 and 57.
3
What is the highest common factor of 1248 and 2535?
39
What is the greatest common divisor of 43486 and 2?
2
Calculate the highest common divisor of 4 and 44574.
2
Calculate the greatest common factor of 925 and 1887.
37
Calculate the highest common divisor of 110743 and 59.
59
Calculate the greatest common factor of 3443 and 1203485.
313
What is the greatest common factor of 27676 and 352?
44
Calculate the greatest common factor of 1211092 and 67.
67
Calculate the greatest common factor of 358740 and 1170.
90
Calculate the greatest common divisor of 798 and 949620.
798
What is the highest common factor of 7273 and 287?
7
What is the highest common factor of 14393 and 29564?
389
What is the highest common factor of 6552 and 9191?
91
Calculate the greatest common factor of 4709 and 323.
17
What is the greatest common factor of 2880 and 14976?
576
What is the highest common divisor of 10021 and 33?
11
Calculate the highest common factor of 34077 and 444.
111
What is the highest common divisor of 193 and 757718?
193
Calculate the greatest common divisor of 137548 and 251.
251
What is the greatest common factor of 8528 and 6929?
533
Calculate the highest common factor of 30 and 43635.
15
What is the greatest common factor of 614 and 876178?
614
Calculate the greatest common divisor of 201 and 2144.
67
What is the greatest common divisor of 241163 and 169?
169
What is the highest common divisor of 5312 and 126658?
166
What is the highest common factor of 23754 and 530292?
642
Calculate the greatest common factor of 529264 and 80.
16
What is the highest common divisor of 127456 and 896?
224
What is the highest common divisor of 656 and 10832?
16
What is the highest common factor of 152922 and 198?
66
What is the highest common divisor of 85 and 22055?
5
Calculate the highest common divisor of 38657 and 527.
31
What is the greatest common factor of 531241 and 2413?
127
What is the highest common factor of 7258 and 646?
38
What is the highest common divisor of 379882 and 68?
34
Calculate the highest common factor of 371312 and 3027.
1009
Calculate the greatest common divisor of 23984 and 26.
2
What is the highest common divisor of 30 and 1753770?
30
Calculate the greatest common divisor of 180 and 38610.
90
What is the highest common factor of 166 and 690726?
166
What is the greatest common divisor of 26304 and 40?
8
Calculate the greatest common factor of 238 and 88228.
14
Calculate the greatest common divisor of 25 and 30425.
25
What is the greatest common factor of 240470 and 3475?
695
Calculate the greatest common factor of 2375664 and 72.
24
What is the greatest common divisor of 35940 and 180?
60
Calculate the highest common factor of 28736 and 192.
64
What is the highest common factor of 207580 and 4066?
214
What is the greatest common factor of 82433 and 2431?
221
Calculate the highest common divisor of 5922 and 70406.
658
What is the highest common factor of 1296 and 6464?
16
What is the greatest common divisor of 29428 and 84?
28
What is the greatest common factor of 2072 and 3976?
56
Calculate the highest common factor of 2071108 and 78.
26
What is the greatest common divisor of 897 and 3927963?
897
Calculate the greatest common factor of 102 and 24446.
34
What is the highest common divisor of 130907 and 847?
7
Calculate the highest common factor of 260280 and 276.
12
Calculate the greatest common divisor of 780590 and 10.
10
What is the greatest common divisor of 212085 and 25?
5
What is the greatest common divisor of 102 and 943296?
102
What is the greatest common divisor of 13335 and 10?
5
Calculate the greatest common divisor of 45 and 70758.
9
What is the highest common factor of 7033 and 7813?
13
Calculate the highest common divisor of 4329299 and 52.
13
Calculate the greatest common factor of 142293 and 3.
3
Calculate the highest common divisor of 3139 and 584.
73
What is the highest common factor of 386593 and 76?
19
Calculate the greatest common divisor of 116700 and 200.
100
What is the highest common factor of 81 and 36909?
27
What is the greatest common divisor of 30411 and 82305?
279
What is the highest common factor of 1062 and 710478?
1062
What is the highest common divisor of 84 and 20556?
12
What is the highest common factor of 212225 and 18937?
653
What is the highest common factor of 16076 and 212?
4
What is the greatest common factor of 2570 and 1010?
10
Calculate the highest common divisor of 48225 and 1275.
75
What is the greatest common divisor of 89807 and 279?
31
What is the highest common factor of 352089 and 361?
19
Calculate the greatest common divisor of 9603 and 26772.
291
What is the highest common divisor of 212 and 442868?
212
What is the highest common factor of 2166 and 4956?
6
Calculate the greatest common divisor of 288 and 644256.
288
Calculate the greatest common divisor of 13 and 41157.
1
Calculate the highest common divisor of 323 and 33048.
17
What is the greatest common divisor of 67405 and 3315?
1105
What is the highest common factor of 2988 and 8?
4
What is the greatest common divisor of 22 and 218383?
11
What is the highest common divisor of 38875 and 1375?
125
What is the greatest common factor of 93 and 144305?
31
What is the greatest common divisor of 2461685 and 15?
5
What is the greatest common divisor of 463020 and 12?
12
What is the greatest common factor of 934 and 1348696?
934
Calculate the greatest common divisor of 2479 and 1480.
37
Calculate the greatest common factor of 11645 and 30260.
85
Calculate the greatest common divisor of 873620 and 5852.
836
What is the greatest common divisor of 104 and 30238?
26
Calculate the highest common divisor of 1919984 and 264.
88
What is the highest common divisor of 750 and 16?
2
What is the greatest common factor of 1096 and 1829224?
1096
Calculate the greatest common divisor of 1000 and 2908.
4
Calculate the highest common factor of 180 and 55656.
36
Calculate the highest common factor of 378 and 26298.
54
What is the highest common divisor of 96 and 8468640?
96
What is the greatest com